q**2 + 2*q - 1. Let l be r(2). Let f = x + l. What is the greatest common factor of 26 and f?
13
Let z = -28 + 24. Let b be 3/z + ((-174)/(-8) - 2). Calculate the greatest common factor of b and 1.
1
Let o be ((-616)/42)/(4/(-84)). Calculate the highest common divisor of 220 and o.
44
Let f be ((-72)/(-10))/(-2)*(-120)/18. Let i be 0*(-1)/3*-3. Suppose -4*t + 3*l + 72 = 5*l, i = -5*l + 20. Calculate the greatest common divisor of f and t.
8
Suppose -2*g - 13 = -5. Let p = g - -25. Let k(n) = 3*n**2 - 33*n + 7. Let o be k(11). What is the highest common divisor of p and o?
7
Let r = -21 + 132. Calculate the greatest common factor of r and 148.
37
Let w = -8 - -15. Suppose 0 = -4*s - 2*y + 106, 2*s + 4*y - 7*y - 65 = 0. What is the highest common factor of s and w?
7
Let m(g) = 8 - 57 - 20*g + 0*g**2 - 5*g**2 + 4*g**2. Let i be m(-17). Calculate the highest common factor of i and 3.
1
Suppose -3*n = -5*n + 6. Let w = n - -2. Suppose 2*y - 146 = -4*i, 0 = -3*i + i + 2*y + 64. What is the highest common divisor of w and i?
5
Suppose 3*k = -6*w + 2*w + 35, 4*w = -4*k + 40. Let i be (5*1)/(-2 - -3). Calculate the highest common divisor of i and k.
5
Let c = -244 + 283. Let o(f) = 87*f**2 + f + 1. Let k be o(2). Calculate the highest common divisor of c and k.
39
Suppose -36 = -5*i - 2*z, -i - 2*z + 20 = 16. Calculate the highest common divisor of i and 72.
8
Let u(z) = -3*z**3 + z**2 + 3. Let w be u(2). Let t(d) = -d**2 - 19*d - 21. Let i be t(w). Calculate the highest common factor of 117 and i.
13
Let c = -178 - -290. Calculate the greatest common factor of c and 24.
8
Suppose 0 = -27*i + 616 + 194. What is the greatest common divisor of i and 90?
30
Let a be (15 - 2) + 2/(-2). Let p = a - 11. Let x be 5 + 3 - (p + -5). Calculate the greatest common divisor of 18 and x.
6
Let c(o) = 14*o - 2. Let t be c(4). Let h(w) = 23*w**2 + 58*w - 6. Let f be h(-3). What is the highest common factor of t and f?
27
Suppose -2*v - 3*v = -140. Let n be (4/(-4) - -5) + v. Suppose n = 3*i - 28. Calculate the greatest common factor of i and 40.
20
Suppose -4*p + 16 = -3*p. Suppose -5*k + 14 + p = 0. Suppose -j = -z - 27, -5*j - 26 = z - 143. Calculate the greatest common divisor of k and j.
6
Let b(w) = -20*w + 4. Let q be b(-3). Let m be -15*((-6)/(-30))/((-2)/4). Let d be 8/m*3 - (-1 - 3). Calculate the highest common factor of q and d.
8
Let d be -3*(-1 + -2) + 1. Suppose -3*u = -6*u - 2*h + 7, -5*h + d = 0. Let s = 846 + -837. Calculate the highest common divisor of s and u.
1
Suppose -346 = -10*t + 2374. Let l be (-3)/(-5) + 167/5. Calculate the highest common divisor of t and l.
34
Let s = 53 - 49. Suppose -3*t + 41 = -t + 5*a, 12 = s*a. What is the greatest common factor of t and 1?
1
Let y = -2 - -1. Let u = y - -19. Calculate the highest common factor of 9 and u.
9
Let d = 26 - 20. Suppose -d*z - 57 = 63. Let c = z + 32. What is the highest common factor of c and 36?
12
Suppose 0 = -3*g + j - 30, 3*g - 2*g + 12 = j. Let l be (-126)/10*30/g. Suppose 2*u - 28 = -2*u. What is the greatest common factor of u and l?
7
Suppose -8*n + 474 + 6 = 0. Calculate the greatest common factor of 270 and n.
30
Suppose -16*c + 29627 = -33365. What is the highest common factor of c and 31?
31
Let o(b) = -b**3 - 8*b**2 - 2*b + 3. Let i be o(-7). Let k = 60 + i. What is the highest common divisor of k and 224?
28
Suppose 3*v + 40 = u - v, -4*u + 4*v + 148 = 0. Suppose 2*m - 3*d = -m + u, 5*m = -d + 72. Let o = -6 + m. Calculate the highest common divisor of o and 20.
4
Let d be (15/10)/((-3)/(-10)). Suppose 10 = d*h - 0*h. Calculate the greatest common factor of h and 22.
2
Let g = -47 - -52. Suppose g*f - 231 = 2*f. Calculate the highest common factor of 22 and f.
11
Let n = 74 + 45. Calculate the greatest common divisor of 952 and n.
119
Suppose 21*h - 400 = 5*h. Calculate the greatest common divisor of h and 725.
25
Suppose 4*o + 5*p = 125, p - 5*p = -4*o + 80. Let f be -2*(9/(-3) + -2). Suppose 3*d - 2*d - f = 0. What is the highest common factor of o and d?
5
Let s(r) = 37*r**2 - r + 1. Let a be s(2). Let m = 4 + 1. Suppose -2*f + m = -a. What is the greatest common factor of f and 19?
19
Suppose -2*z = -10*i + 7*i + 97, -3*i - z + 91 = 0. Let o = 840 + -561. What is the highest common divisor of o and i?
31
Suppose 4*h - 18 = -2*h. Suppose 2*r - 431 = -6*k + 3*k, 648 = h*r + 4*k. Suppose r = 4*m + m. Calculate the highest common divisor of 11 and m.
11
Let d = 3 + 7. Suppose 2*g - 3*k + 1 = -1, -2*g = -4*k + 4. What is the highest common divisor of d and g?
2
Let d(a) = a**3 - 3*a**2 - 2*a - 4. Let x be d(4). Suppose 4*r + p + 0*p = 39, -x*p - 42 = -2*r. Calculate the highest common factor of 55 and r.
11
Let z(h) be the second derivative of -8*h**3/3 - h**2 - 5*h. Let t be z(-3). Suppose 0 = -4*x + t + 54. Calculate the greatest common factor of 225 and x.
25
Suppose 4*o = -17 - 31. Let u be (-4 + (-15)/(-3))*21. Let t = o + u. What is the greatest common divisor of 1 and t?
1
Suppose -8 = 7*d - 11*d. Suppose b = -5, 3*c = 7*c + d*b - 58. Calculate the greatest common factor of c and 17.
17
Let y(v) = -23*v**3 - 3*v**2 + 5*v - 3. Let u be y(-3). Suppose -n = 3*j - 347, -4*n = 2*j + 3*j - u. What is the highest common divisor of 29 and j?
29
Let q(w) = -w**3 + w**2 + 9*w + 9. Let r be q(-6). Let f be (-2 - 0) + -23 + 3. Let g be (2 + -3)*(-1 + f). Calculate the greatest common factor of r and g.
23
Suppose -4*y + 176 = -0*y. Let i = -88 - -87. Let x be -4 + (10/8)/(i/(-12)). What is the greatest common factor of y and x?
11
Suppose 108 = 4*n + 68. Suppose 0 = -11*o + n*o + 150. What is the highest common divisor of o and 60?
30
Let q be 50/3*(0 - 6). Suppose n - 5 + 44 = 3*a, 2*a + 198 = -4*n. Let l be (n/20)/(6/q). Calculate the greatest common factor of 60 and l.
20
Suppose 4*h = 8, -3*j + 5*h + 5 = 2*j. Suppose -2*a - 3*s = -27, a = -j*s + 4*s + 1. What is the highest common factor of 12 and a?
6
Let n be (-18)/((-33)/6 + 4). Calculate the greatest common factor of n and 60.
12
Let p = -526 - -542. Suppose 2*w - 76 = -2*u, 2*w - 84 = 2*u - 0*u. Calculate the greatest common divisor of p and w.
8
Suppose -4935 = -5*l - 1215. What is the greatest common divisor of 16 and l?
8
Let n(k) = 58*k**3 + k**2 + k + 1. Let b be n(-1). Let o be ((-4)/8)/((-1)/(-42)). Let u = o - b. Calculate the highest common divisor of 4 and u.
4
Let y = 48 + -45. Suppose -5*c = -20, y*n = c + 575 + 381. Calculate the highest common factor of 32 and n.
32
Let o be 10/(-4)*(-4)/2. Suppose 213 = 3*l - 114. Suppose -56 = -o*a + l. Calculate the highest common divisor of 22 and a.
11
Let p = -16 + 12. Let j(y) = -y + 4. Let x be j(p). Calculate the highest common divisor of x and 64.
8
Let u(a) be the first derivative of 0*a**2 - 10*a - 4*a**2 + 2 - 3 - 11*a**2. Let p be u(-9). What is the highest common factor of p and 26?
26
Suppose 128 + 86 = -p. Let i = p - -322. What is the highest common factor of i and 12?
12
Let m(y) = 9*y**2 + 8*y + 7 - y**3 + 0*y - 1. Let z be m(9). What is the greatest common divisor of z and 26?
26
Let d be 1*(11*3 - -2). Suppose -31*p + 1 = -154. What is the highest common divisor of d and p?
5
Suppose -27*r = -1009 + 253. What is the highest common divisor of r and 112?
28
Suppose 0 = -24*i + 602 + 1774. Calculate the highest common factor of i and 231.
33
Suppose 15*h - 10*h = 110. Suppose -18 = u - h. Calculate the highest common divisor of u and 10.
2
Suppose -228 = -5*s + 2*s + 5*p, -5*s + 380 = -5*p. What is the greatest common divisor of 4 and s?
4
Suppose -20 = -101*v + 99*v. Suppose -11 = -a + 59. Calculate the greatest common factor of v and a.
10
Suppose 2*v + 12 = -k + 3*k, 3*v = -5*k + 14. Suppose -3*c = -k*c - 5. Let u = c - -10. What is the highest common divisor of 40 and u?
5
Let g be (-1368)/(-8) + (20 - 9). What is the greatest common divisor of g and 104?
26
Let y = -3 + 8. Suppose -y*g = -49 - 81. Let f be (6 + -3 - 185/(-3)) + (-3)/(-9). What is the highest common divisor of g and f?
13
Let w = -23 + 24. Let q be (-10)/(-2) + (w - (-4 - -1)). What is the highest common factor of 3 and q?
3
Let y be (9/(-5))/(-2*15/350). What is the greatest common divisor of 168 and y?
21
Let q(w) = w**3 - w**2 - 20*w + 2. Let c be q(5). Suppose -5*g + 2*g = -